r + 2*r - h = 1047. Let p = 156 - r. What are the prime factors of p?
2, 601
What are the prime factors of 175686/36 + (-24)/144?
2, 5, 61
Suppose 4*y = h + 22957, -9*h + 28692 = 5*y - 6*h. What are the prime factors of y?
3, 1913
Let i be (60/(-35))/(4/14). List the prime factors of (-6152)/i - 16/48.
5, 41
Let f(r) = r**3 - 9*r**2 + 10*r - 507. List the prime factors of f(27).
3, 5, 859
Suppose 26 = 2*j - 34. Let l(o) = 9 - 2*o - 19*o**2 - 1 + j*o**2 - 10*o**2. List the prime factors of l(6).
2
What are the prime factors of (-8)/(-38) + 276510735/8341?
33151
Suppose 42 = -12*s + 19*s. Suppose -s*o - 22*o + 4424 = 0. List the prime factors of o.
2, 79
Let y(p) = 4*p**2 + 33*p. Let k be 2/(5*-2) + 370/(-25). What are the prime factors of y(k)?
3, 5
Let g = 322 - 168. Suppose 5*q = 4*q - 4, -h = -q - g. What are the prime factors of h?
2, 3, 5
Let r = -7172 - -12276. What are the prime factors of r?
2, 11, 29
Suppose -n = 42*n - 25*n + 342. Let c(i) = i**3 + 8*i**2 + 5*i - 3. Let w be c(-7). Let g = w - n. List the prime factors of g.
2, 3, 5
Suppose 0 = 45*t - 49*t + 2280. Let x = t + -237. What are the prime factors of x?
3, 37
Let h be (-4)/8 + (-6)/((-12)/241). Suppose -117*b - 162 = -h*b. What are the prime factors of b?
2, 3
What are the prime factors of (-6)/7*(-86427733)/1983?
2, 18679
List the prime factors of ((-8357)/(-1) - 0) + (23 - (48 + -32)).
2, 3, 17, 41
Let y(c) = 1836*c - 2362. List the prime factors of y(7).
2, 5, 1049
Let w(b) = 42579*b**3 + 134*b - 133. What are the prime factors of w(1)?
2, 5, 2129
Let r(j) = -123*j - 1397. What are the prime factors of r(-52)?
4999
Let s be 3/2*((-389)/(-3) + 5). Let y = -179 + s. What are the prime factors of y?
23
Let w(b) = -b**3 + 15*b**2 + b - 21. Let k be w(15). Let q = k + 9. List the prime factors of -16*(-3)/6 - q.
5
Let o = -27287 + 44609. What are the prime factors of o?
2, 3, 2887
What are the prime factors of 1/(-4) - (6421467/4)/(-39)?
3, 13721
Suppose 0 = -16*v + 25*v - 18. Suppose v*k - 255 = 5*s - 24, 612 = 5*k - s. List the prime factors of k.
3, 41
Let u be 16/(-2) - 2 - -5. Let q(b) = -6*b**2 + 0*b**2 - 3*b**3 + 0*b**2 - 7. What are the prime factors of q(u)?
2, 109
Let f be (7 + 1)*((-15)/10 - 0). Let x(t) = t**2 - 24*t - 10. Let c be x(f). Let u = c - 240. List the prime factors of u.
2, 7, 13
Suppose -11*q = -12*q + 3. Suppose 10 = -c + 3*c - q*i, 4*i = -5*c + 25. Let n(j) = -j**3 + 11*j**2 - 2*j + 1. List the prime factors of n(c).
3, 47
Let w = -1320 + 2220. List the prime factors of ((w/24)/(-25))/(6/(-136)).
2, 17
Let t be ((-10)/(-8))/(1 + 21/(-28)). Let z = t + 11. Suppose 332 = 20*f - z*f. List the prime factors of f.
83
Suppose 9*o + 689 + 197 = 15385. What are the prime factors of o?
3, 179
Suppose 1988 - 783 = 5*n - 5*s, -4*n + 972 = -6*s. Suppose -2*r - r = 297. Let z = n + r. List the prime factors of z.
2, 3, 23
Suppose -3*z + 303 = 4*b, 5*b = 5*z + 6*b - 522. Let d = 423 - z. What are the prime factors of d?
2, 3, 53
Suppose -164*u + 1106894 + 1776226 = 0. List the prime factors of u.
2, 3, 5, 293
Suppose 6*z = 115 + 101. Suppose -28 = 4*w - z. Suppose -w*s + 88 = -88. List the prime factors of s.
2, 11
Let d(v) = v**3 - 60*v**2 - 618*v - 19. What are the prime factors of d(69)?
2, 47
Let u(q) = -577*q - 7404. What are the prime factors of u(-18)?
2, 3, 7, 71
Let c be 742/6 - ((-28)/12 + 2). Let a = -122 + c. Suppose -261 = -a*r - 29. What are the prime factors of r?
2, 29
Suppose 2*r - 26308 = 24*q - 26*q, -r = 2*q - 26305. List the prime factors of q.
13151
What are the prime factors of (4/10)/((-9)/(-50712 - 3) + 0)?
2, 7, 23
Let h(j) = 1342*j - 2326. What are the prime factors of h(19)?
2, 3, 1931
Let x = -37 + 37. Let q(o) = o + 1. Let j(w) = -w**3 - w**2 - 5*w - 76. Let v(m) = -j(m) - 5*q(m). What are the prime factors of v(x)?
71
Let x = 24330 + 8113. List the prime factors of x.
32443
Let o = -1303 + 2289. Let u = o - 703. What are the prime factors of u?
283
List the prime factors of (1 - 3/6)/((-4)/(-50728)).
17, 373
Let n = 3673 + 13782. List the prime factors of n.
5, 3491
Let p be (-4 - (-102)/27) + (-2)/(-9). Let b(k) = p - 2*k - 15*k - 20. What are the prime factors of b(-4)?
2, 3
Let i(j) = -210*j + 764. List the prime factors of i(-8).
2, 13, 47
Suppose 64 = 10*j + 14. Suppose -j*m + 40 = -3*v, -4*m = -4*v - 30 - 10. What are the prime factors of (6 - v)*((-27)/3)/(-3)?
3, 11
Suppose 4*d - 3*l = -2*l - 62, -3*d - 5*l - 58 = 0. What are the prime factors of (-6)/d - (-21750)/240?
7, 13
Suppose -103721 - 307921 = -363*c. List the prime factors of c.
2, 3, 7
Suppose 0 = 3*c - 3*a - 84, c = -3*a - 0*a + 44. Suppose 0*m + c = -2*m + 2*t, 4*t + 50 = -2*m. What are the prime factors of 2 - (m - (-7 + 4))?
2, 3
Let n be -2 - ((-2)/7 + (-6464)/14). Let c = 847 - n. What are the prime factors of c?
3, 43
Let z(m) = -3407*m - 1400. List the prime factors of z(-5).
5, 53, 59
Let v(l) = 6*l + 20. Let c be v(-10). What are the prime factors of c*2*(-49)/14?
2, 5, 7
Let o be 3 - (-2 - ((-6)/2 + 22)). Let f be 2/(-6) - (-848)/o. Suppose 30*m = f*m - 805. What are the prime factors of m?
7, 23
Suppose 3*w + 118251 = 4*r, -4*r + 118246 = 423*w - 425*w. What are the prime factors of r?
3, 59, 167
Let r be (-635)/(-10) + (-84)/24. What are the prime factors of 7*181 + (r - 58)?
3, 47
Let l(q) = -q**3 + 8*q**2 + 17*q - 4. Suppose -16 = -3*n + 7*n, -4*s + 16 = 3*n. List the prime factors of l(s).
2, 41
Suppose -8 - 28 = -9*p. Suppose -2*h = 2*s - 119 - 365, -p*s + 968 = 3*h. List the prime factors of s.
2, 11
Suppose 22160 = 2*n + 3*t + 7609, 25 = -5*t. What are the prime factors of n?
7283
Suppose 72*v = -55*v - 53*v + 1097640. What are the prime factors of v?
2, 3049
Let k(y) = -5*y + 32. Let v be k(6). Suppose 3*t = -5*d + 3797, -v*d + 8*t = 5*t - 1502. What are the prime factors of d?
757
Let g(f) = 25*f + 27*f - 5*f**2 + 4*f**2 + 19 - 58*f. Let r be g(-8). Suppose -5*i + 0*z + 1060 = r*z, -3*z = -4*i + 875. What are the prime factors of i?
5, 43
Let h(z) = -13*z**2 + 21*z - 11. Let l(g) = -7*g**2 + 11*g - 6. Let o(y) = -6*h(y) + 11*l(y). Let f be o(6). List the prime factors of 3/(-1) - (-48 - f).
3, 17
Suppose 2*z = -2*z + 3*l + 49, -5*l - 35 = -2*z. Let r(x) = 17*x**3 - 5*x**2 + 5*x + 3. Let s be r(3). Suppose -z*h + s = -648. What are the prime factors of h?
2, 3
Let k = -4069 + 6136. What are the prime factors of k?
3, 13, 53
Let v(k) = k**2 + 10*k + 14. Let l be v(-8). What are the prime factors of 417 + (0 + l)*2?
7, 59
Suppose -11*u - 10*u + 27951 = -206514. What are the prime factors of u?
5, 7, 11, 29
Suppose -c = -2*d + 3857, -2*d - 2*c + 3851 = 3*c. Suppose 4*s - 5*p = 1916, 0*s + 2*p = 4*s - d. List the prime factors of s.
2, 11
Let q be (-24)/(-32) + 2/8. Let h be (49 - q)*(-14)/(-4). Let t = h + -84. List the prime factors of t.
2, 3, 7
What are the prime factors of ((-386)/(-7))/(34/2737)?
23, 193
Suppose -k - 2*b = -14, -2*k + 4*b = 5*b - 13. Suppose -3*d + 3 = -9, k*x = 5*d + 5428. List the prime factors of x.
2, 3, 227
Let b(i) = 19*i**3 - 6*i**2 - 16*i + 7. What are the prime factors of b(5)?
2, 269
Let t = 43 - 31. Suppose -4*g + 0 = -t. Suppose -2*y - g*o = -31 - 19, -4*o = -4*y + 140. What are the prime factors of y?
31
Let b(j) = 500*j - 573. What are the prime factors of b(9)?
3, 7, 11, 17
Let w be ((-1)/(-2) - (-129)/(-6)) + 1. Let c = 18 + w. What are the prime factors of 6/(-20)*c + 672/5?
3, 5
What are the prime factors of (4 - 29 - -7514) + (1 - -1)?
3, 11, 227
Let c(x) be the first derivative of x**4/4 + 9*x**3 + 11*x**2 + 50*x - 46. What are the prime factors of c(-26)?
2, 7, 11
What are the prime factors of 1/(120/938060) - (9/(-3))/(-18)?
7817
Let f be -3*1 - ((-5)/(-5) + -6). Suppose -u - 4 + 8 = 0, 1154 = -3*m + f*u. Let b = -271 - m. List the prime factors of b.
3, 37
Let g(s) = -21*s**2 + 6*s - 2. Let m be g(-5). Let n = -375 - m. List the prime factors of n.
2, 7, 13
What are the prime factors of (-64)/80 - (564876/(-20) + -4)?
47, 601
Suppose -n = 5*r - 111, 0 = -5*n + 4*r + 502 + 53. Let o = n - 104. List the prime factors of o.
7
Let i = 14 + -10. Let q be 9/i + (-9)/(-12) - 271. Let n = q - -379. List the prime factors of n.
3, 37
What are the prime factors of (-5 - (-3 - 926*-26))/(-1)?
2, 3, 4013
Let q(